 85748 a multiple of 26?
True
Does 24 divide 3696?
True
Is 136 a factor of 5032?
True
Does 98 divide 9015?
False
Is 228 a multiple of 6?
True
Is 3320 a multiple of 83?
True
Is 15 a factor of 810?
True
Is 6750 a multiple of 18?
True
Does 23 divide 943?
True
Is 4 a factor of 14176?
True
Is 206 even?
True
Is 12 a factor of 276?
True
Is 64691 a multiple of 25?
False
Is 23 a factor of 184?
True
Is 300 a multiple of 20?
True
Is 6425 a multiple of 25?
True
Is 847 a multiple of 11?
True
Is 19 a factor of 2905?
False
Is 249 even?
False
Does 24 divide 182?
False
Does 6 divide 66?
True
Is 18 a factor of 666?
True
Is 157 a multiple of 18?
False
Is 293 a factor of 94253?
False
Is 20160 a multiple of 32?
True
Is 11367 a multiple of 27?
True
Is 17 a multiple of 5?
False
Does 13 divide 37388?
True
Is 2 a factor of 4091?
False
Is 2610 a multiple of 29?
True
Does 2 divide 5797?
False
Does 14 divide 3637?
False
Is 30 a factor of 4950?
True
Is 1127 a multiple of 7?
True
Is 99 a factor of 2642?
False
Is 480 a multiple of 4?
True
Does 62 divide 186?
True
Is 405 a multiple of 9?
True
Does 6 divide 32322?
True
Does 10 divide 2044?
False
Is 9050 a multiple of 25?
True
Is 72 a factor of 1903?
False
Does 79 divide 237?
True
Is 260 a multiple of 52?
True
Is 30 a factor of 32940?
True
Is 60 a factor of 3664?
False
Is 1309 a multiple of 10?
False
Does 4 divide 963?
False
Is 118 a factor of 3186?
True
Does 88 divide 1863?
False
Is 8 a factor of 1962?
False
Is 24252 a multiple of 43?
True
Is 253 a multiple of 23?
True
Is 295 a multiple of 36?
False
Is 1323 a multiple of 29?
False
Is 487 a multiple of 7?
False
Is 37 a factor of 7362?
False
Is 16 a factor of 232?
False
Does 124 divide 21722?
False
Does 58 divide 897?
False
Does 6 divide 16?
False
Does 220 divide 34168?
False
Is 14168 a multiple of 28?
True
Is 147 a factor of 49058?
False
Is 13 a factor of 247?
True
Is 51 a factor of 2448?
True
Is 4 a factor of 12251?
False
Does 139 divide 13504?
False
Is 90 a factor of 23220?
True
Does 53 divide 60208?
True
Does 12 divide 40?
False
Is 32 a factor of 1888?
True
Is 611 a multiple of 46?
False
Does 131 divide 655?
True
Does 15 divide 3435?
True
Is 529 a multiple of 11?
False
Does 2 divide 200?
True
Does 27 divide 463?
False
Is 21112 a multiple of 182?
True
Is 6491 a multiple of 5?
False
Is 16443 a multiple of 21?
True
Does 29 divide 313?
False
Is 13815 a multiple of 46?
False
Is 161 a factor of 17664?
False
Is 60 a factor of 48494?
False
Does 26 divide 22107?
False
Is 29 a factor of 9106?
True
Does 21 divide 4158?
True
Does 30 divide 16321?
False
Is 2331 a multiple of 7?
True
Is 90 a factor of 6842?
False
Does 67 divide 4489?
True
Does 15 divide 95?
False
Is 18518 a multiple of 229?
False
Is 27365 a multiple of 65?
True
Does 402 divide 44475?
False
Is 72210 a multiple of 29?
True
Is 675 a multiple of 27?
True
Is 918 a multiple of 27?
True
Does 13 divide 221?
True
Is 2366 a multiple of 8?
False
Is 409 a multiple of 3?
False
Is 414 a multiple of 46?
True
Does 3 divide 150?
True
Is 1156 a multiple of 17?
True
Is 231 a factor of 72303?
True
Is 406 a multiple of 29?
True
Is 5 a factor of 2166?
False
Does 9 divide 1008?
True
Is 4948 a multiple of 5?
False
Is 764 a multiple of 49?
False
Is 151 a factor of 7701?
True
Does 32 divide 1408?
True
Is 3204 a multiple of 5?
False
Is 240 a multiple of 6?
True
Does 56 divide 4826?
False
Is 330 a multiple of 13?
False
Is 900 a multiple of 9?
True
Is 57 a factor of 6894?
False
Does 14 divide 540?
False
Is 39 a factor of 4814?
False
Does 28 divide 7896?
True
Is 394 a multiple of 6?
False
Is 49 a factor of 38318?
True
Is 28 a factor of 2256?
False
Does 34 divide 1853?
False
Is 2214 a multiple of 5?
False
Does 9 divide 6314?
False
Is 240 a multiple of 16?
True
Is 16 a factor of 8673?
False
Does 20 divide 540?
True
Is 52 a factor of 1768?
True
Is 1720 a multiple of 4?
True
Does 12 divide 5160?
True
Is 172 a multiple of 3?
False
Is 2321 a multiple of 30?
False
Does 20 divide 8926?
False
Is 1152 a multiple of 24?
True
Is 2 a factor of 441?
False
Is 269 a multiple of 9?
False
Does 20 divide 18114?
False
Is 6072 a multiple of 33?
True
Does 20 divide 820?
True
Is 36488 a multiple of 55?
False
Is 56 a factor of 18256?
True
Does 4 divide 251?
False
Does 19 divide 2812?
True
Does 12 divide 5765?
False
Is 2380 a multiple of 37?
False
Does 5 divide 3114?
False
Does 183 divide 29646?
True
Is 28935 a multiple of 16?
False
Is 34 a factor of 12070?
True
Is 22204 a multiple of 52?
True
Is 87 a factor of 124230?
False
Is 14 a factor of 952?
True
Does 143 divide 22937?
False
Is 2595 a multiple of 15?
True
Is 294 a multiple of 14?
True
Is 17 a factor of 9074?
False
Does 6 divide 7?
False
Does 152 divide 1368?
True
Does 30 divide 2583?
False
Does 18 divide 5886?
True
Is 14 a factor of 420?
True
Is 62 a factor of 655?
False
Does 15 divide 75?
True
Does 36 divide 57115?
False
Is 64 a factor of 3377?
False
Is 3273 a multiple of 10?
False
Is 3 a factor of 373?
False
Is 63 a factor of 9576?
True
Is 6 a factor of 354?
True
Is 855 a multiple of 57?
True
Does 38 divide 1094?
False
Is 89010 a multiple of 43?
True
Is 56 a factor of 2072?
True
Does 14 divide 15288?
True
Is 30 a factor of 4950?
True
Is 120 a factor of 46858?
False
Does 28 divide 1540?
True
Does 113 divide 9896?
False
Is 4594 a multiple of 211?
False
Is 328 a multiple of 45?
False
Is 20 a factor of 29110?
False
Is 135 a multiple of 45?
True
Does 23 divide 3220?
True
Is 1914 a multiple of 11?
True
Is 300 a multiple of 15?
True
Does 12 divide 34632?
True
Does 10 divide 4840?
True
Is 87 a factor of 18618?
True
Is 15 a factor of 33?
False
Does 17 divide 74269?
False
Is 26 a factor of 26364?
True
Is 5656 a multiple of 28?
True
Is 191 a factor of 7067?
True
Does 4 divide 60?
True
Is 9 a factor of 6651?
True
Is 16 a factor of 2502?
False
Is 9 a factor of 621?
True
Is 118 a factor of 27494?
True
Does 102 divide 8058?
True
Does 15 divide 3040?
False
Does 15 divide 270?
True
Is 1587 a multiple of 69?
True
Is 4088 a multiple of 3?
False
Does 34 divide 1190?
True
Is 39 a factor of 13923?
True
Does 11 divide 3139?
False
Is 720 a multiple of 24?
True
Does 10 divide 1068?
False
Is 1789 a multiple of 12?
False
Is 4 a factor of 548?
True
Is 1814 a multiple of 38?
False
Does 28 divide 59?
False
Is 24 a factor of 7968?
True
Does 68 divide 22032?
True
Does 46 divide 598?
True
Is 22812 a multiple of 24?
False
Does 19 divide 5375?
False
Is 13 a factor of 3932?
False
Is 29 a factor of 6676?
False
Is 51 a multiple of 15?
False
Is 200181 a multiple of 53?
True
Does 14 divide 15148?
True
Is 5563 a multiple of 29?
False
Is 10 a factor of 235?
False
Is 11 a factor of 53240?
True
Does 27 divide 39415?
False
Does 11 divide 6248?
True
Is 64 a multiple of 16?
True
Does 101 divide 2424?
True
Is 66 a factor of 392?
False
Does 18 divide 1494?
True
Does 8 divide 7113?
False
Does 54 divide 719?
False
Is 9 a factor of 24057?
True
Is 11 a factor of 1946?
False
Does 2 divide 131?
False
Does 99 divide 11712?
False
Is 257 a multiple of 19?
False
Is 25 a factor of 6950?
True
Is 30 a factor of 50310?
True
Does 31 divide 3379?
True
Is 3 a factor of 569?
False
Does 20 divide 40?
True
Is 814 a multiple of 15?
False
Does 15 divide 1950?
True
Does 49 divide 306?
False
Is 12 a factor of 2256?
True
Is 13 a factor of 66326?
True
Does 105 divide 35805?
True
Is 1972 a multiple of 84?
False
Does 44 divide 47520?
True
Does 67 divide 2878?
False
Does 17 divide 2057?
True
Does 2 divide 22?
True
Is 73 a factor of 2920?
True
Does 59 divide 118?
True
Is 100424 a multiple of 14?
False
Is 6 a factor of 4332?
True
Does 135 divide 9424?
False
Is 93 a factor of 329?
False
Does 28 divide 616?
True
Does 17 divide 2720?
True
Is 19 a factor of 342?
True
Is 1343 a multiple of 24?
False
Does 2 divide 461?
False
Is 17 a factor of 33915?
True
Is 91 a multiple of 3?
False
Is 1131 a multiple of 31?
False
Is 47872 a multiple of 128?
True
Does 119 divide 20184?
False
Is 16 a factor of 2608?
True
Is 44991 a multiple of 85?
False
Is 23820 a multiple of 60?
True
Is 1820 a multiple of 35?
True
Is 64 a factor of 7275?
False
Is 1000 a multiple of 40?
True
Is 28 a factor of 56?
True
Does 10 divide 2837?
False
Is 2046 a multiple of 33?
True
Is 1467 a multiple of 28?
False
Is 7215 a multiple of 82